tor of k and 176.
22
Suppose -2*z - 4*u + 65 = -23, u = -4*z + 183. What is the highest common factor of z and 69?
23
Suppose 5*d = -4*y + 3*d - 70, y + 25 = -3*d. Let s(u) = 32*u + 1. Let l be s(-1). Let f = y - l. What is the highest common divisor of 5 and f?
5
Let l = 2 + 1. Suppose 5*r = 2*a + 20, -2*a + 38 = l*r + 2*a. Calculate the highest common divisor of 4 and r.
2
Let q be 0/(9/3) + 0. Suppose q = 4*x - 22 - 74. What is the greatest common divisor of 3 and x?
3
Suppose 38*j - 42 = 31*j. What is the greatest common factor of j and 42?
6
Let l = 17 - -85. What is the highest common factor of l and 34?
34
Suppose 2*h - 5 - 15 = -2*x, -3*h + 18 = -x. Let r = 11 + -4. What is the greatest common factor of r and h?
7
Suppose -5*g + 0*c + 30 = -c, 4*c = 0. What is the greatest common factor of 15 and g?
3
Let j be -74 - 0/(3 - 0). Let n = -49 - j. What is the greatest common factor of 10 and n?
5
Let x(k) = -2*k**2 - 27*k**3 - 13*k**3 + 1 + 15*k**3. Let h be x(-1). What is the highest common factor of h and 24?
24
Suppose -16 - 5 = -7*y. What is the highest common divisor of y and 1?
1
Suppose 97 - 25 = s. What is the greatest common factor of s and 8?
8
Let n(q) = 103*q + 1. Let s be n(1). Calculate the greatest common factor of 13 and s.
13
Let o be -1 + (-5 + 3 - -3 - -3). Calculate the greatest common divisor of 24 and o.
3
Let p(g) = g**3 - 7*g**2 + 6*g + 5. Let y be p(6). Suppose -15 = -y*i - 5. Let h = -32 - -34. Calculate the greatest common divisor of i and h.
2
Suppose -4*z - 7*w = -3*w - 16, 2*w = 2. Let n be (0/(-1 + z))/2. Suppose 3*k = -n*k + 66. What is the greatest common factor of 33 and k?
11
Suppose 0 = -4*g + j, -3*g - 5*j + 18 + 5 = 0. What is the highest common factor of 1 and g?
1
Let n = 137 + -44. What is the greatest common factor of 31 and n?
31
Let v(o) = -o**2 + 12*o + 4. Let f be v(10). Let t(j) = 2*j**3 - 3*j**2 + 3*j + 2. Let h be t(5). Calculate the greatest common factor of h and f.
24
Suppose 2*x - 52 = -2*x. Calculate the highest common factor of 13 and x.
13
Suppose -2*d + 5*n = -3*d + 75, -237 = -4*d + n. Let o = -6 + 21. What is the greatest common divisor of o and d?
15
Suppose -4*g + 881 = 5*h, 0 = 2*g - 2*h + 6*h - 436. What is the highest common factor of g and 28?
28
Let o(i) = -i - 1. Let j be o(-3). What is the highest common divisor of j and 8?
2
Let v(n) = 2*n**2 - n. Let x be v(2). Suppose -19*w - 6 = -20*w. Calculate the highest common factor of w and x.
6
Let d be (-1 - (-2 + -1)) + (-256)/(-16). What is the greatest common factor of 27 and d?
9
Let a be -1 - -3 - (-52 + 0). Let q(v) = -v**2 + v. Let w be q(3). Let m be (-218)/(-6) + 2/w. Calculate the greatest common factor of a and m.
18
Let v be (-5)/(10/(-32)) + 2. Let i = v - 11. What is the greatest common factor of i and 14?
7
Let r be (-7)/(-21)*(-1 - -13). Suppose -q - 1 - r = 0. Let g(k) = k**2 - 4*k + 7. Let d be g(q). Calculate the greatest common factor of 26 and d.
26
Let c be (-63)/(-2)*((-180)/35)/(-3). Calculate the highest common factor of 12 and c.
6
Let o(s) = -s**3 + 13*s**2 - 6*s + 22. Let b be o(12). Calculate the greatest common divisor of 235 and b.
47
Let o = -7 - -2. Suppose -24 = -4*v + 2*k + 18, 4*v - k - 45 = 0. Let u = v + o. What is the highest common divisor of u and 14?
7
Let h = -2 - -10. Calculate the greatest common divisor of h and 16.
8
Suppose -4 = -x - x, 3*x + 4 = -5*k. Let f = k - -4. Suppose 0*d - f*d = -48. What is the highest common divisor of d and 8?
8
Let s = -9 + 11. Suppose -u + s = -2*c + 103, 5*c - 2*u - 250 = 0. What is the highest common divisor of c and 6?
6
Let u be (-44)/33 - 55/(-3). What is the highest common divisor of 153 and u?
17
Let i(c) = 8*c**2 + 9*c - 9. Let y be i(6). Suppose -2*t + 114 = -2*u - 56, 3*u = -4*t + y. Calculate the highest common divisor of t and 12.
12
Suppose -20 = 2*q - 7*q. Suppose 15 = q*j + 3. What is the greatest common divisor of j and 24?
3
Let f be (0 - (1 - -2)) + 42. Let w be (-89)/(-7) - 8/(-28). Calculate the highest common divisor of f and w.
13
Suppose -4*i + 9*i - 125 = 0. What is the highest common divisor of i and 175?
25
Let p = 90 - 75. Calculate the highest common divisor of 165 and p.
15
Let h = -7 + 5. Let o be 15 - 6 - 0/h. Calculate the highest common factor of 27 and o.
9
Suppose -6*z + z = -95. Let f = -15 + z. Calculate the greatest common factor of f and 6.
2
Let p(c) = -27*c + 9. Let z be p(-5). What is the highest common factor of 18 and z?
18
Suppose 9*w + 432 = 11*w. What is the greatest common divisor of w and 27?
27
Let x = 147 - 104. Suppose -x = -2*w + 13. Calculate the highest common divisor of w and 4.
4
Let l = -93 - -139. Let p = 76 - l. Let u = -14 + p. What is the highest common divisor of 2 and u?
2
Let m(v) = 8*v**2 + 3*v - 2. Let a be m(2). Calculate the highest common divisor of a and 6.
6
Let k = 24 + -12. Calculate the highest common factor of k and 8.
4
Let z(x) = 5*x**2 + 5*x + 2. Let b(s) = s**2 - s + 1. Let k(a) = 4*b(a) - z(a). Let o be k(-4). Calculate the highest common divisor of 11 and o.
11
Suppose -4*i - 240 = -7*i. Let r = 3 + -25. Let n = r + 32. What is the greatest common factor of i and n?
10
Suppose 0 = -o - 2*o + 3, 0 = 3*f + 4*o - 19. Suppose -2*q - 4*b + 3 = -q, 3*q + f*b = 23. Calculate the highest common factor of q and 11.
11
Let v = 39 + 6. What is the highest common divisor of 30 and v?
15
Let c = -3 + 9. Suppose -2*l + 20 = -3*l - 3*q, 0 = 4*q + 16. Let s be (-18)/4*l/12. Calculate the greatest common factor of s and c.
3
Let f(v) = -3*v + 8. Let b be f(2). What is the highest common divisor of b and 16?
2
Suppose q + 3*v = -4, -3*v + 6*v + 9 = 0. Suppose -380 = -q*a + 145. What is the greatest common factor of 21 and a?
21
Suppose -13 = 2*f - 79. What is the highest common factor of f and 99?
33
Suppose 3*i - 31 = -5*h, -8*i + 3*h - 7 = -4*i. Let z(f) = 2*f**3 + 0 - 2*f**2 + 0*f**i - 1. Let p be z(2). What is the highest common factor of 21 and p?
7
Suppose 6*b = 4*b + 52. Let d be b/(-6) + 2/(-3). Let u be 25/(-2)*12/d. What is the highest common factor of u and 20?
10
Suppose 3*r = -0*r + 3. Let d be (-2 + r)/(1/(-12)). Let q be (-3)/(4/(-4*4)). Calculate the highest common factor of d and q.
12
Suppose t + 4*a + 14 = 0, 3*t - 5*a + 6 = 15. Let u be (-4628)/(-28) + t/7. Let j be (-1)/(-4) + u/12. What is the greatest common factor of 35 and j?
7
Let g be 16 + 4 + (-10)/5. Let c be (27/4)/(2/8). What is the greatest common factor of g and c?
9
Let l be (8/(-10))/(2/(-10)). Suppose l*c = -3 + 67. What is the highest common factor of 2 and c?
2
Let i = -1 + 2. Let p be i + (-1)/((-3)/(-150)). Let s be -1*1*p - -3. What is the greatest common factor of s and 13?
13
Suppose 6 = -4*z - 54. Let l = -6 - z. Let s = 136 + -37. What is the highest common divisor of l and s?
9
Let n be -1*1*1*6. Let l(h) = h + 9. Let u be l(n). Suppose 3*x = 3*r - 84, -4*r + 10 = -u*r + 5*x. What is the highest common factor of r and 5?
5
Let s(w) be the first derivative of w**3/3 - 2*w**2 - 7*w - 3. Let z be s(7). What is the highest common divisor of z and 112?
14
Suppose 14*s - 2720 = 10*s. Suppose -994 = -6*h + s. What is the highest common factor of h and 31?
31
Suppose 0 = -9*a + 7*a + 36. What is the highest common divisor of 2 and a?
2
Let r be (114/(-95))/(6/(-40)). What is the greatest common factor of 16 and r?
8
Suppose 2*u - 87 = 1. Let b = 118 + u. Calculate the greatest common factor of 18 and b.
18
Let a = 65 + -53. Calculate the highest common factor of 108 and a.
12
Let w = 19 + 60. Suppose -k + 4*d = -31, 5*k + 3*d - 4*d = w. Suppose -3*o - 3 = -k. Calculate the greatest common factor of 20 and o.
4
Suppose 0 = -5*l - 2*l + 490. Calculate the highest common factor of 175 and l.
35
Let y = 9 - -11. Calculate the greatest common divisor of y and 220.
20
Let i(j) = 11*j**3 - j + 2. Let t be i(1). Let y be ((-4)/(-10))/((-1)/(-10)). Let g be 292/6 + y/(-6). Calculate the highest common factor of g and t.
12
Let a = 30 - 17. What is the highest common divisor of a and 208?
13
Let c = 25 - 17. Let l be -10*(-2)/c*2. Let k = l - 4. Calculate the highest common divisor of 2 and k.
1
Let c(j) = -11*j + 11. Let w be c(-15). Suppose -x = -3*x + w. What is the highest common divisor of 11 and x?
